2 - 5145*y - 88003. Give z(-17).
40
Let f(u) = 2*u**2 + 905*u + 89682. Determine f(-306).
24
Let q(n) = -n**2 - 450*n + 29373. Give q(58).
-91
Let d(a) = -15*a**2 + 3584*a + 317. Give d(239).
78
Let m(p) = -p**3 + 18*p**2 - 13*p - 16. Give m(16).
288
Let i(l) = 23*l**2 + 621*l - 185. Give i(-27).
-185
Let o(c) = 23*c**2 + 58*c - 585. Calculate o(4).
15
Let k(i) = 3*i**2 + 1853*i - 38266. What is k(20)?
-6
Let r(h) = -252*h + 920. Determine r(4).
-88
Let i(k) = 3*k**3 - 193*k**2 + 1864*k + 3497. Determine i(14).
-3
Let u(h) = 39*h**3 + 1517*h**2 + 1331*h + 23. Calculate u(-38).
-15
Let i(c) = -2718*c - 106. Give i(0).
-106
Let l(s) = -11*s**2 + 127*s - 301. What is l(8)?
11
Let j(p) = 84098*p - 4036707. Give j(48).
-3
Let c(b) = 4509016*b + 9018030. What is c(-2)?
-2
Let z(u) = -2*u**3 - 130*u**2 + 170*u + 2512. Give z(-66).
4
Let s(u) = -2447*u - 17274. Give s(-7).
-145
Let k(s) = -4442*s + 239921. Determine k(54).
53
Let l(k) = -3598*k + 38338. What is l(10)?
2358
Let s(f) = 1683*f**2 - 8394*f - 107. Determine s(5).
-2
Let w(b) = 219*b - 12945. What is w(72)?
2823
Let h(p) = 9348*p**2 - 897440*p + 3074. What is h(96)?
2
Let x(u) = 56631*u + 283168. Determine x(-5).
13
Let j(m) = -10*m**2 + 416*m + 5204. Determine j(-11).
-582
Let j(d) = 10*d**3 + 6*d**2 + 3195*d + 9560. Calculate j(-3).
-241
Let b(f) = -f**3 - 112*f**2 - 203*f + 896. Determine b(-110).
-974
Let v(n) = -n**3 - 120*n**2 - 263*n - 46623. Calculate v(-121).
-159
Let f(u) = 209*u**3 + 1394*u**2 + 842*u. Calculate f(-6).
-12
Let q(k) = 836*k - 46002. What is q(55)?
-22
Let h(j) = j**3 - 74*j**2 + 933*j - 258. Give h(58).
32
Let u(v) = -1826*v + 646414. Give u(354).
10
Let g(m) = -m**3 - 490*m**2 + 943*m - 20176. Calculate g(-492).
-4
Let v(h) = -572*h + 4582. What is v(9)?
-566
Let t(u) = -5624*u + 5605. Determine t(1).
-19
Let c(l) = -l**2 - 672*l + 10420. Determine c(15).
115
Let o(q) = 13*q**3 - 9*q**2 - 19*q + 157. Calculate o(5).
1462
Let u(x) = 9*x**3 - 1482*x**2 - 504*x + 811. What is u(165)?
-674
Let u(j) = -6*j**2 + 44988*j - 224791. Determine u(5).
-1
Let b(g) = -6*g**2 + 1425*g + 10027. Calculate b(-7).
-242
Let a(b) = 34*b**2 + 1764*b - 1764. Give a(1).
34
Let w(f) = f**2 + 432*f + 31027. What is w(-341)?
-4
Let i(m) = -2*m**2 + 812*m + 62523. Determine i(-66).
219
Let h(y) = 4*y**3 + 79*y**2 + 365*y + 197. What is h(-13)?
15
Let l(j) = 2001*j - 756380. Give l(378).
-2
Let g(v) = 9*v**3 - 118*v**2 + 17*v + 7. Calculate g(13).
59
Let i(o) = 4*o**2 - 12041*o - 36140. Calculate i(-3).
19
Let b(j) = -j**2 - 139*j + 26445. Calculate b(107).
123
Let n(w) = 38*w - 534. Calculate n(11).
-116
Let w(t) = 6*t**2 + 4026*t - 56768. Calculate w(14).
772
Let u(o) = -923*o - 416. Determine u(-1).
507
Let g(r) = -54*r**2 - 54*r - 92. What is g(-4)?
-740
Let m(p) = p**3 + 124*p**2 + 3000*p - 272. What is m(-91)?
1
Let g(n) = 25*n**2 + 578*n + 352. What is g(-22)?
-264
Let w(u) = u**2 - 1600*u + 92390. Calculate w(60).
-10
Let y(n) = -2*n**3 + 18*n**2 - 834*n + 7450. Give y(9).
-56
Let p(j) = -3*j**3 + 3175*j**2 + 11681*j + 1065. Calculate p(1062).
3
Let b(h) = -204*h - 3251. What is b(-16)?
13
Let v(c) = 187*c - 7850. Calculate v(39).
-557
Let o(b) = 9*b**3 - 99*b**2 - 80*b + 880. What is o(11)?
0
Let o(d) = d**3 + 41*d**2 + 1377*d + 53485. What is o(-40)?
5
Let x(s) = -36*s**2 - 799*s - 952. Calculate x(-22).
-798
Let x(n) = 2*n**2 + 872*n - 78940. Give x(-513).
62
Let c(r) = -92*r + 197. What is c(-1)?
289
Let x(j) = -j**3 - 16*j**2 - 687890*j - 11006240. Determine x(-16).
0
Let v(y) = -13851*y - 27511. Determine v(-2).
191
Let u(c) = 27*c**2 - 6371*c - 6592. Calculate u(237).
44
Let f(x) = -390*x**2 + 24*x + 37. Give f(-2).
-1571
Let l(h) = h**2 - 281*h - 2312. What is l(-8)?
0
Let c(q) = 136*q**2 + 31415*q - 218. What is c(-231)?
13
Let i(q) = -171*q**3 + 123474*q**2 - 8663*q - 732. Calculate i(722).
-10
Let c(w) = 7321*w**2 + 131782*w + 70. Give c(-18).
-2
Let d(j) = -1578*j - 7797. What is d(-5)?
93
Let p(f) = -1706*f + 68253. Give p(40).
13
Let m(q) = -3*q - 107. Give m(20).
-167
Let f(y) = -745*y**2 + 56622*y - 175. Calculate f(76).
-23
Let c(k) = -6652*k - 252772. Give c(-38).
4
Let y(h) = -470*h - 35249. Give y(-75).
1
Let o(h) = 32*h - 662. Calculate o(21).
10
Let v(z) = z**3 + 18*z**2 - 39*z - 527. Determine v(-18).
175
Let l(w) = -371*w + 2260. Calculate l(6).
34
Let b(h) = 21*h**2 + 3180*h - 1825. Give b(-152).
-1
Let l(t) = -38684*t - 3442875. Calculate l(-89).
1
Let p(c) = 68*c**2 - 714*c + 4229. Determine p(6).
2393
Let y(j) = -21330*j + 3519447. Determine y(165).
-3
Let x(y) = -88004*y - 440017. Calculate x(-5).
3
Let q(m) = 451*m + 12537. Determine q(-40).
-5503
Let d(a) = -1144*a**2 - 1152007*a + 1024. What is d(-1007)?
17
Let u(o) = 28*o**2 - 1750*o + 6560. Calculate u(4).
8
Let h(l) = 1563*l + 73433. What is h(-47)?
-28
Let r(x) = 1374*x + 57657. Give r(-42).
-51
Let v(h) = -h**3 - 31*h**2 + 27*h + 175. Give v(-32).
335
Let l(g) = -254*g**2 + 94*g + 4. What is l(0)?
4
Let z(n) = -842*n - 22735. What is z(-27)?
-1
Let w(i) = i**2 - 4946*i - 680721. Determine w(-134).
-1
Let j(p) = -4*p**2 + 112*p - 758. Calculate j(8).
-118
Let x(z) = -542*z + 1783. Give x(2).
699
Let r(u) = -10112*u - 109613. Calculate r(-11).
1619
Let h(f) = -3*f**3 + 33*f**2 - 683*f + 6504. Calculate h(10).
-26
Let n(q) = q**2 + 298*q - 1206. What is n(4)?
2
Let u(q) = -1124*q + 69691. What is u(62)?
3
Let t(n) = n**3 + 302*n**2 + 6427*n + 2770. Calculate t(-279).
-20
Let c(s) = -5*s**2 + 482*s - 5240. What is c(84)?
-32
Let j(a) = -20*a**2 - 332*a - 1320. What is j(-10)?
0
Let m(n) = -26*n**2 + 196*n + 1217. Determine m(-4).
17
Let s(h) = 284*h - 10993. Determine s(39).
83
Let q(r) = -8*r**2 + 189*r + 1652. Determine q(-9).
-697
Let j(t) = -36*t**2 + 1337*t - 1335. Give j(1).
-34
Let h(w) = -2146*w + 190948. What is h(89)?
-46
Let r(g) = 154970*g - 362. Calculate r(0).
-362
Let t(v) = -9755*v + 3160621. What is t(324)?
1
Let a(o) = -695247*o - 22943155. Determine a(-33).
-4
Let w(g) = g**2 + 46504*g + 186002. What is w(-4)?
2
Let j(r) = 40*r**3 + 1954*r**2 - 283*r + 542. What is j(-49)?
3
Let x(k) = -1752*k + 571387. What is x(326)?
235
Let d(j) = -11*j**2 - 1572*j + 8133. What is d(5)?
-2
Let c(n) = 6764550*n + 40587294. Give c(-6).
-6
Let f(d) = 2*d**2 + 28687*d - 57371. Give f(2).
11
Let q(x) = -3*x**3 - 11*x**2 + 197*x + 1426. Calculate q(-7).
537
Let w(h) = 3*h**2 - 129*h + 270. Determine w(41).
24
Let t(y) = y**3 + 44*y**2 - 2221*y - 393. Give t(-74).
-319
Let r(c) = -13412*c - 40020. What is r(-3)?
216
Let d(q) = -1281884*q - 4. What is d(0)?
-4
Let j(r) = 1306*r - 76568. What is j(56)?
-3432
Let y(g) = -27*g**2 - 154*g - 24. Determine y(-7).
-269
Let z(p) = p**3 + 191*p**2 - 866*p - 200648. Calculate z(-190).
-8
Let s(z) = -2*z**2 - 687*z + 13810. What is s(19)?
35
Let y(n) = n**3 - 6*n**2 - 11*n + 573. Determine y(0).
573
Let d(w) = -43*w - 2474. Determine d(-102).
1912
Let k(u) = u**3 + 20*u**2 - 19*u - 56. Calculate k(-6).
562
Let c(k) = -292*k**2 - 2638*k - 74. Determine c(-9).
16
Let t(s) = 856*s**3 + 5*s**2 + 6*s + 2. Give t(-1).
-855
Let y(q) = 2*q**3 + 359*q**2 + 1308*q + 13408. What is y(-176)?
32
Let o(c) = 92*c**2 + 289*c - 101. Give o(-4).
215
Let h(i) = 22*i**2 + 5000*i - 30794. Give h(6).
-2
Let a(y) = 343*y - 3524. Calculate a(14).
1278
Let j(q) = -4*q**2 + 903*q - 12419. What is j(211)?
30
Let v(y) = 1456*y - 707631. Calculate v(486).
-15
Let k(t) = -993*t**2 + 12912*t - 48. Determine k(13).
-9
Let d(z) = z**2 + 447*z - 9412. Give d(-467).
-72
Let y(f) = 1389469*f + 5557861. Determine y(-4).
-15
Let v(q) = -q**3 - 101*q**2 - 719*q - 5710. What is v(-94)?
24
Let h(s) = -s**3 + 12*s**2 + 364*s - 37. What is h(-14)?
-37
Let r(g) = 6*g**2 - 675*g - 5463. Give r(120).
-63
Let c(u) = 3*u**2 - 12355*u - 49446. Determine c(-4).
22
Let g(r) = r**3 + 1027*r**2 + 5106*r - 4113. Determine g(-1022).
-25
Let l(w) = 3*w**3 + 872*w**2 + 587*w + 1783. Calculate l(-290).
-247
Let n(u) = -66*u**2 - 996*u - 50. Calculate n(-15).
40
Let j(n) = -31*n + 4918. Give j(158).
20
Let j(s) = 4*s**3 + 8*s**2 + 36*s + 252. Calculate j(-6).
-540
Let d(m) = -22*m**2 + 233*m + 6000. Give d(-12).
36
Let m(u) = 2*u**3 + 77*u**2 + 21*u - 475. What is m(-38)?
171
Let k(x) = x**2 - 7251*x + 173420. What is